{"id":21408,"date":"2025-04-30T02:21:01","date_gmt":"2025-04-30T02:21:01","guid":{"rendered":"https:\/\/sona.uy\/?page_id=21408"},"modified":"2025-05-14T04:02:42","modified_gmt":"2025-05-14T04:02:42","slug":"sistemas-de-implantes","status":"publish","type":"page","link":"https:\/\/sona.uy\/index.php\/sistemas-de-implantes\/","title":{"rendered":"Sistemas de implantes"},"content":{"rendered":"\t\t<div data-elementor-type=\"wp-page\" data-elementor-id=\"21408\" class=\"elementor elementor-21408\">\n\t\t\t\t<div class=\"elementor-element elementor-element-b546471 e-flex e-con-boxed e-con e-parent\" data-id=\"b546471\" data-element_type=\"container\">\n\t\t\t\t\t<div class=\"e-con-inner\">\n\t\t<div class=\"elementor-element elementor-element-d034940 e-con-full e-flex e-con e-child\" data-id=\"d034940\" data-element_type=\"container\" data-settings=\"{&quot;background_background&quot;:&quot;classic&quot;}\">\n\t\t\t\t<div class=\"elementor-element elementor-element-3fd8c3d elementor-position-right elementor-vertical-align-middle elementor-widget elementor-widget-image-box\" data-id=\"3fd8c3d\" data-element_type=\"widget\" data-widget_type=\"image-box.default\">\n\t\t\t\t<div class=\"elementor-widget-container\">\n\t\t\t\t\t<div class=\"elementor-image-box-wrapper\"><figure class=\"elementor-image-box-img\"><a href=\"https:\/\/sona.uy\/index.php\/advance-hi-hexagono-interno\" tabindex=\"-1\"><img fetchpriority=\"high\" decoding=\"async\" width=\"717\" height=\"1200\" src=\"https:\/\/sona.uy\/wp-content\/uploads\/2025\/04\/advance-hi.png\" class=\"attachment-full size-full wp-image-21411\" alt=\"\" srcset=\"https:\/\/sona.uy\/wp-content\/uploads\/2025\/04\/advance-hi.png 717w, https:\/\/sona.uy\/wp-content\/uploads\/2025\/04\/advance-hi-179x300.png 179w, https:\/\/sona.uy\/wp-content\/uploads\/2025\/04\/advance-hi-478x800.png 478w, https:\/\/sona.uy\/wp-content\/uploads\/2025\/04\/advance-hi-430x720.png 430w, https:\/\/sona.uy\/wp-content\/uploads\/2025\/04\/advance-hi-700x1172.png 700w, https:\/\/sona.uy\/wp-content\/uploads\/2025\/04\/advance-hi-150x251.png 150w\" sizes=\"(max-width: 717px) 100vw, 717px\" \/><\/a><\/figure><div class=\"elementor-image-box-content\"><h3 class=\"elementor-image-box-title\"><a href=\"https:\/\/sona.uy\/index.php\/advance-hi-hexagono-interno\">Advance HI<\/a><\/h3><p class=\"elementor-image-box-description\"> Hex\u00e1gono interno<\/p><\/div><\/div>\t\t\t\t<\/div>\n\t\t\t\t<\/div>\n\t\t\t\t<\/div>\n\t\t<div class=\"elementor-element elementor-element-8bfe9fd e-con-full e-flex e-con e-child\" data-id=\"8bfe9fd\" data-element_type=\"container\" data-settings=\"{&quot;background_background&quot;:&quot;classic&quot;}\">\n\t\t\t\t<div class=\"elementor-element elementor-element-0f13a75 elementor-position-right elementor-vertical-align-middle elementor-widget elementor-widget-image-box\" data-id=\"0f13a75\" data-element_type=\"widget\" data-widget_type=\"image-box.default\">\n\t\t\t\t<div class=\"elementor-widget-container\">\n\t\t\t\t\t<div class=\"elementor-image-box-wrapper\"><figure class=\"elementor-image-box-img\"><a href=\"https:\/\/sona.uy\/index.php\/spirit-hi\" tabindex=\"-1\"><img decoding=\"async\" width=\"717\" height=\"1200\" src=\"https:\/\/sona.uy\/wp-content\/uploads\/2025\/04\/spirit-hi.png\" class=\"attachment-full size-full wp-image-21412\" alt=\"\" srcset=\"https:\/\/sona.uy\/wp-content\/uploads\/2025\/04\/spirit-hi.png 717w, https:\/\/sona.uy\/wp-content\/uploads\/2025\/04\/spirit-hi-179x300.png 179w, https:\/\/sona.uy\/wp-content\/uploads\/2025\/04\/spirit-hi-478x800.png 478w, https:\/\/sona.uy\/wp-content\/uploads\/2025\/04\/spirit-hi-430x720.png 430w, https:\/\/sona.uy\/wp-content\/uploads\/2025\/04\/spirit-hi-700x1172.png 700w, https:\/\/sona.uy\/wp-content\/uploads\/2025\/04\/spirit-hi-150x251.png 150w\" sizes=\"(max-width: 717px) 100vw, 717px\" \/><\/a><\/figure><div class=\"elementor-image-box-content\"><h3 class=\"elementor-image-box-title\"><a href=\"https:\/\/sona.uy\/index.php\/spirit-hi\">Spirit HI<\/a><\/h3><\/div><\/div>\t\t\t\t<\/div>\n\t\t\t\t<\/div>\n\t\t\t\t<\/div>\n\t\t<div class=\"elementor-element elementor-element-af15755 e-con-full e-flex e-con e-child\" data-id=\"af15755\" data-element_type=\"container\" data-settings=\"{&quot;background_background&quot;:&quot;classic&quot;}\">\n\t\t\t\t<div class=\"elementor-element elementor-element-a93de54 elementor-position-right elementor-vertical-align-middle elementor-widget elementor-widget-image-box\" data-id=\"a93de54\" data-element_type=\"widget\" data-widget_type=\"image-box.default\">\n\t\t\t\t<div class=\"elementor-widget-container\">\n\t\t\t\t\t<div class=\"elementor-image-box-wrapper\"><figure class=\"elementor-image-box-img\"><a href=\"https:\/\/sona.uy\/index.php\/advance-xs\/\" tabindex=\"-1\"><img decoding=\"async\" width=\"717\" height=\"1200\" src=\"https:\/\/sona.uy\/wp-content\/uploads\/2025\/04\/advance-xs.png\" class=\"attachment-full size-full wp-image-21417\" alt=\"\" srcset=\"https:\/\/sona.uy\/wp-content\/uploads\/2025\/04\/advance-xs.png 717w, https:\/\/sona.uy\/wp-content\/uploads\/2025\/04\/advance-xs-179x300.png 179w, https:\/\/sona.uy\/wp-content\/uploads\/2025\/04\/advance-xs-478x800.png 478w, https:\/\/sona.uy\/wp-content\/uploads\/2025\/04\/advance-xs-430x720.png 430w, https:\/\/sona.uy\/wp-content\/uploads\/2025\/04\/advance-xs-700x1172.png 700w, https:\/\/sona.uy\/wp-content\/uploads\/2025\/04\/advance-xs-150x251.png 150w\" sizes=\"(max-width: 717px) 100vw, 717px\" \/><\/a><\/figure><div class=\"elementor-image-box-content\"><h3 class=\"elementor-image-box-title\"><a href=\"https:\/\/sona.uy\/index.php\/advance-xs\/\">Advance XS<\/a><\/h3><p class=\"elementor-image-box-description\">Conexi\u00f3n conica hexagonal<\/p><\/div><\/div>\t\t\t\t<\/div>\n\t\t\t\t<\/div>\n\t\t\t\t<\/div>\n\t\t\t\t\t<\/div>\n\t\t\t\t<\/div>\n\t\t<div class=\"elementor-element elementor-element-d3be130 e-flex e-con-boxed e-con e-parent\" data-id=\"d3be130\" data-element_type=\"container\">\n\t\t\t\t\t<div class=\"e-con-inner\">\n\t\t<div class=\"elementor-element elementor-element-e95f6b2 e-con-full e-flex e-con e-child\" data-id=\"e95f6b2\" data-element_type=\"container\" data-settings=\"{&quot;background_background&quot;:&quot;classic&quot;}\">\n\t\t\t\t<div class=\"elementor-element elementor-element-e07989b elementor-position-right elementor-vertical-align-middle elementor-widget elementor-widget-image-box\" data-id=\"e07989b\" data-element_type=\"widget\" data-widget_type=\"image-box.default\">\n\t\t\t\t<div class=\"elementor-widget-container\">\n\t\t\t\t\t<div class=\"elementor-image-box-wrapper\"><figure class=\"elementor-image-box-img\"><a href=\"https:\/\/sona.uy\/index.php\/spirit-xs\" tabindex=\"-1\"><img loading=\"lazy\" decoding=\"async\" width=\"717\" height=\"1200\" src=\"https:\/\/sona.uy\/wp-content\/uploads\/2025\/04\/spirit-xs.png\" class=\"attachment-full size-full wp-image-21424\" alt=\"\" srcset=\"https:\/\/sona.uy\/wp-content\/uploads\/2025\/04\/spirit-xs.png 717w, https:\/\/sona.uy\/wp-content\/uploads\/2025\/04\/spirit-xs-179x300.png 179w, https:\/\/sona.uy\/wp-content\/uploads\/2025\/04\/spirit-xs-478x800.png 478w, https:\/\/sona.uy\/wp-content\/uploads\/2025\/04\/spirit-xs-430x720.png 430w, https:\/\/sona.uy\/wp-content\/uploads\/2025\/04\/spirit-xs-700x1172.png 700w, https:\/\/sona.uy\/wp-content\/uploads\/2025\/04\/spirit-xs-150x251.png 150w\" sizes=\"(max-width: 717px) 100vw, 717px\" \/><\/a><\/figure><div class=\"elementor-image-box-content\"><h3 class=\"elementor-image-box-title\"><a href=\"https:\/\/sona.uy\/index.php\/spirit-xs\">Spirit XS<\/a><\/h3><p class=\"elementor-image-box-description\">Conexi\u00f3n conica hexagonal<\/p><\/div><\/div>\t\t\t\t<\/div>\n\t\t\t\t<\/div>\n\t\t\t\t<\/div>\n\t\t<div class=\"elementor-element elementor-element-405ef49 e-con-full e-flex e-con e-child\" data-id=\"405ef49\" data-element_type=\"container\" data-settings=\"{&quot;background_background&quot;:&quot;classic&quot;}\">\n\t\t\t\t<div class=\"elementor-element elementor-element-cf3084d elementor-position-right elementor-vertical-align-middle elementor-widget elementor-widget-image-box\" data-id=\"cf3084d\" data-element_type=\"widget\" data-widget_type=\"image-box.default\">\n\t\t\t\t<div class=\"elementor-widget-container\">\n\t\t\t\t\t<div class=\"elementor-image-box-wrapper\"><figure class=\"elementor-image-box-img\"><a href=\"https:\/\/sona.uy\/index.php\/advance-cc\/\" tabindex=\"-1\"><img loading=\"lazy\" decoding=\"async\" width=\"717\" height=\"1200\" src=\"https:\/\/sona.uy\/wp-content\/uploads\/2025\/04\/advance-cc.png\" class=\"attachment-full size-full wp-image-21425\" alt=\"\" srcset=\"https:\/\/sona.uy\/wp-content\/uploads\/2025\/04\/advance-cc.png 717w, https:\/\/sona.uy\/wp-content\/uploads\/2025\/04\/advance-cc-179x300.png 179w, https:\/\/sona.uy\/wp-content\/uploads\/2025\/04\/advance-cc-478x800.png 478w, https:\/\/sona.uy\/wp-content\/uploads\/2025\/04\/advance-cc-430x720.png 430w, https:\/\/sona.uy\/wp-content\/uploads\/2025\/04\/advance-cc-700x1172.png 700w, https:\/\/sona.uy\/wp-content\/uploads\/2025\/04\/advance-cc-150x251.png 150w\" sizes=\"(max-width: 717px) 100vw, 717px\" \/><\/a><\/figure><div class=\"elementor-image-box-content\"><h3 class=\"elementor-image-box-title\"><a href=\"https:\/\/sona.uy\/index.php\/advance-cc\/\">Advance CC<\/a><\/h3><p class=\"elementor-image-box-description\">Conexi\u00f3n c\u00f3nica<\/p><\/div><\/div>\t\t\t\t<\/div>\n\t\t\t\t<\/div>\n\t\t\t\t<\/div>\n\t\t<div class=\"elementor-element elementor-element-88a02e0 e-con-full e-flex e-con e-child\" data-id=\"88a02e0\" data-element_type=\"container\" data-settings=\"{&quot;background_background&quot;:&quot;classic&quot;}\">\n\t\t\t\t<div class=\"elementor-element elementor-element-5f85f23 elementor-position-right elementor-vertical-align-middle elementor-widget elementor-widget-image-box\" data-id=\"5f85f23\" data-element_type=\"widget\" data-widget_type=\"image-box.default\">\n\t\t\t\t<div class=\"elementor-widget-container\">\n\t\t\t\t\t<div class=\"elementor-image-box-wrapper\"><figure class=\"elementor-image-box-img\"><a href=\"https:\/\/sona.uy\/index.php\/spirit-cc\" tabindex=\"-1\"><img loading=\"lazy\" decoding=\"async\" width=\"717\" height=\"1200\" src=\"https:\/\/sona.uy\/wp-content\/uploads\/2025\/04\/spirit-cc.png\" class=\"attachment-full size-full wp-image-21426\" alt=\"\" srcset=\"https:\/\/sona.uy\/wp-content\/uploads\/2025\/04\/spirit-cc.png 717w, https:\/\/sona.uy\/wp-content\/uploads\/2025\/04\/spirit-cc-179x300.png 179w, https:\/\/sona.uy\/wp-content\/uploads\/2025\/04\/spirit-cc-478x800.png 478w, https:\/\/sona.uy\/wp-content\/uploads\/2025\/04\/spirit-cc-430x720.png 430w, https:\/\/sona.uy\/wp-content\/uploads\/2025\/04\/spirit-cc-700x1172.png 700w, https:\/\/sona.uy\/wp-content\/uploads\/2025\/04\/spirit-cc-150x251.png 150w\" sizes=\"(max-width: 717px) 100vw, 717px\" \/><\/a><\/figure><div class=\"elementor-image-box-content\"><h3 class=\"elementor-image-box-title\"><a href=\"https:\/\/sona.uy\/index.php\/spirit-cc\">Spirit CC<\/a><\/h3><p class=\"elementor-image-box-description\">Conexi\u00f3n c\u00f3nica<\/p><\/div><\/div>\t\t\t\t<\/div>\n\t\t\t\t<\/div>\n\t\t\t\t<\/div>\n\t\t\t\t\t<\/div>\n\t\t\t\t<\/div>\n\t\t\t\t<\/div>\n\t\t","protected":false},"excerpt":{"rendered":"<p>Advance HI Hex\u00e1gono interno Spirit HI Advance XS Conexi\u00f3n conica hexagonal Spirit XS Conexi\u00f3n conica hexagonal Advance CC Conexi\u00f3n c\u00f3nica<\/p>\n","protected":false},"author":1,"featured_media":0,"parent":0,"menu_order":0,"comment_status":"closed","ping_status":"closed","template":"","meta":{"om_disable_all_campaigns":false,"_monsterinsights_skip_tracking":false,"_monsterinsights_sitenote_active":false,"_monsterinsights_sitenote_note":"","_monsterinsights_sitenote_category":0,"footnotes":""},"class_list":["post-21408","page","type-page","status-publish","hentry"],"aioseo_notices":[],"_links":{"self":[{"href":"https:\/\/sona.uy\/index.php\/wp-json\/wp\/v2\/pages\/21408","targetHints":{"allow":["GET"]}}],"collection":[{"href":"https:\/\/sona.uy\/index.php\/wp-json\/wp\/v2\/pages"}],"about":[{"href":"https:\/\/sona.uy\/index.php\/wp-json\/wp\/v2\/types\/page"}],"author":[{"embeddable":true,"href":"https:\/\/sona.uy\/index.php\/wp-json\/wp\/v2\/users\/1"}],"replies":[{"embeddable":true,"href":"https:\/\/sona.uy\/index.php\/wp-json\/wp\/v2\/comments?post=21408"}],"version-history":[{"count":49,"href":"https:\/\/sona.uy\/index.php\/wp-json\/wp\/v2\/pages\/21408\/revisions"}],"predecessor-version":[{"id":21589,"href":"https:\/\/sona.uy\/index.php\/wp-json\/wp\/v2\/pages\/21408\/revisions\/21589"}],"wp:attachment":[{"href":"https:\/\/sona.uy\/index.php\/wp-json\/wp\/v2\/media?parent=21408"}],"curies":[{"name":"wp","href":"https:\/\/api.w.org\/{rel}","templated":true}]}}