{"id":21441,"date":"2025-05-01T04:36:18","date_gmt":"2025-05-01T04:36:18","guid":{"rendered":"https:\/\/sona.uy\/?page_id=21441"},"modified":"2025-05-01T04:50:07","modified_gmt":"2025-05-01T04:50:07","slug":"advance-hi-hexagono-interno","status":"publish","type":"page","link":"https:\/\/sona.uy\/index.php\/advance-hi-hexagono-interno\/","title":{"rendered":"Advance HI &#8211; Hexagono interno"},"content":{"rendered":"\t\t<div data-elementor-type=\"wp-page\" data-elementor-id=\"21441\" class=\"elementor elementor-21441\">\n\t\t\t\t<div class=\"elementor-element elementor-element-38b720f e-flex e-con-boxed e-con e-parent\" data-id=\"38b720f\" data-element_type=\"container\">\n\t\t\t\t\t<div class=\"e-con-inner\">\n\t\t\t\t<div class=\"elementor-element elementor-element-453f782 elementor-widget elementor-widget-wd_text_block\" data-id=\"453f782\" data-element_type=\"widget\" data-widget_type=\"wd_text_block.default\">\n\t\t\t\t<div class=\"elementor-widget-container\">\n\t\t\t\t\t\t\t<div class=\"wd-text-block reset-last-child text-left\">\n\t\t\t\n\t\t\t<h4 class=\"single-title\">Advance HI - Hex\u00e1gono interno<\/h4>\n\t\t\t\t\t<\/div>\n\t\t\t\t\t\t<\/div>\n\t\t\t\t<\/div>\n\t\t\t\t<div class=\"elementor-element elementor-element-8bbe800 elementor-widget elementor-widget-wd_text_block\" data-id=\"8bbe800\" data-element_type=\"widget\" data-widget_type=\"wd_text_block.default\">\n\t\t\t\t<div class=\"elementor-widget-container\">\n\t\t\t\t\t\t\t<div class=\"wd-text-block reset-last-child text-left\">\n\t\t\t\n\t\t\t<p>El sistema de implantes Advance\u00ae es una soluci\u00f3n vanguardista al alcance del odont\u00f3logo de hoy.<\/p><p>Su dise\u00f1o se ha realizado pensando en la eficiencia y sencillez de un sistema para todos los casos, teniendo en cuenta la calidad, simplicidad y facilidad de uso. Desde su colocaci\u00f3n para carga inmediata hasta protocolos convencionales, para todo tipo de hueso.<\/p><p>Cuenta con una \u00fanica conexi\u00f3n en todos los di\u00e1metros y un cierre de implante-protesis desarrollado para lograr est\u00e9tica con facilidad. Toda la gama de componentes prot\u00e9sicos ha sido optimizada para otorgarle al profesional la soluci\u00f3n exacta para cada caso.<\/p><p>Advance\u00ae HI es tecnolog\u00eda e innovaci\u00f3n combinados para obtener resultados predecibles y exitosos.<\/p>\n\t\t\t\t\t<\/div>\n\t\t\t\t\t\t<\/div>\n\t\t\t\t<\/div>\n\t\t\t\t\t<\/div>\n\t\t\t\t<\/div>\n\t\t<div class=\"elementor-element elementor-element-b9a76d5 e-grid e-con-boxed e-con e-parent\" data-id=\"b9a76d5\" data-element_type=\"container\">\n\t\t\t\t\t<div class=\"e-con-inner\">\n\t\t\t\t<div class=\"elementor-element elementor-element-6db12f4 elementor-position-top elementor-widget elementor-widget-image-box\" data-id=\"6db12f4\" data-element_type=\"widget\" data-widget_type=\"image-box.default\">\n\t\t\t\t<div class=\"elementor-widget-container\">\n\t\t\t\t\t<div class=\"elementor-image-box-wrapper\"><figure class=\"elementor-image-box-img\"><img fetchpriority=\"high\" decoding=\"async\" width=\"320\" height=\"320\" src=\"https:\/\/sona.uy\/wp-content\/uploads\/2025\/05\/f-1.png\" class=\"attachment-full size-full wp-image-21443\" alt=\"\" srcset=\"https:\/\/sona.uy\/wp-content\/uploads\/2025\/05\/f-1.png 320w, https:\/\/sona.uy\/wp-content\/uploads\/2025\/05\/f-1-300x300.png 300w, https:\/\/sona.uy\/wp-content\/uploads\/2025\/05\/f-1-150x150.png 150w\" sizes=\"(max-width: 320px) 100vw, 320px\" \/><\/figure><div class=\"elementor-image-box-content\"><h3 class=\"elementor-image-box-title\">Platform switching<\/h3><p class=\"elementor-image-box-description\">Ayuda a minimizar la p\u00e9rdida \u00f3sea, reduciendo el pico de estr\u00e9s y preservando el hueso marginal.\n\n<\/p><\/div><\/div>\t\t\t\t<\/div>\n\t\t\t\t<\/div>\n\t\t\t\t<div class=\"elementor-element elementor-element-990061b elementor-position-top elementor-widget elementor-widget-image-box\" data-id=\"990061b\" data-element_type=\"widget\" data-widget_type=\"image-box.default\">\n\t\t\t\t<div class=\"elementor-widget-container\">\n\t\t\t\t\t<div class=\"elementor-image-box-wrapper\"><figure class=\"elementor-image-box-img\"><img decoding=\"async\" width=\"319\" height=\"333\" src=\"https:\/\/sona.uy\/wp-content\/uploads\/2025\/05\/f-2.png\" class=\"attachment-full size-full wp-image-21447\" alt=\"\" srcset=\"https:\/\/sona.uy\/wp-content\/uploads\/2025\/05\/f-2.png 319w, https:\/\/sona.uy\/wp-content\/uploads\/2025\/05\/f-2-287x300.png 287w, https:\/\/sona.uy\/wp-content\/uploads\/2025\/05\/f-2-150x157.png 150w\" sizes=\"(max-width: 319px) 100vw, 319px\" \/><\/figure><div class=\"elementor-image-box-content\"><h3 class=\"elementor-image-box-title\">Micro-roscas<\/h3><p class=\"elementor-image-box-description\">Aumentan la superficie de contacto con el hueso, disminuyendo la reabsorci\u00f3n de la cresta \u00f3sea marginal.\n\n\n\n<\/p><\/div><\/div>\t\t\t\t<\/div>\n\t\t\t\t<\/div>\n\t\t\t\t<div class=\"elementor-element elementor-element-d23151c elementor-position-top elementor-widget elementor-widget-image-box\" data-id=\"d23151c\" data-element_type=\"widget\" data-widget_type=\"image-box.default\">\n\t\t\t\t<div class=\"elementor-widget-container\">\n\t\t\t\t\t<div class=\"elementor-image-box-wrapper\"><figure class=\"elementor-image-box-img\"><img decoding=\"async\" width=\"319\" height=\"319\" src=\"https:\/\/sona.uy\/wp-content\/uploads\/2025\/05\/f-3.png\" class=\"attachment-full size-full wp-image-21448\" alt=\"\" srcset=\"https:\/\/sona.uy\/wp-content\/uploads\/2025\/05\/f-3.png 319w, https:\/\/sona.uy\/wp-content\/uploads\/2025\/05\/f-3-300x300.png 300w, https:\/\/sona.uy\/wp-content\/uploads\/2025\/05\/f-3-150x150.png 150w\" sizes=\"(max-width: 319px) 100vw, 319px\" \/><\/figure><div class=\"elementor-image-box-content\"><h3 class=\"elementor-image-box-title\">Canal de corte<\/h3><p class=\"elementor-image-box-description\">Ayuda a la inserci\u00f3n del implante y reduce la presi\u00f3n en la zona cortical.\n\n\n\n<\/p><\/div><\/div>\t\t\t\t<\/div>\n\t\t\t\t<\/div>\n\t\t\t\t<div class=\"elementor-element elementor-element-53c7bc7 elementor-position-top elementor-widget elementor-widget-image-box\" data-id=\"53c7bc7\" data-element_type=\"widget\" data-widget_type=\"image-box.default\">\n\t\t\t\t<div class=\"elementor-widget-container\">\n\t\t\t\t\t<div class=\"elementor-image-box-wrapper\"><figure class=\"elementor-image-box-img\"><img loading=\"lazy\" decoding=\"async\" width=\"320\" height=\"331\" src=\"https:\/\/sona.uy\/wp-content\/uploads\/2025\/05\/f-4.png\" class=\"attachment-full size-full wp-image-21449\" alt=\"\" srcset=\"https:\/\/sona.uy\/wp-content\/uploads\/2025\/05\/f-4.png 320w, https:\/\/sona.uy\/wp-content\/uploads\/2025\/05\/f-4-290x300.png 290w, https:\/\/sona.uy\/wp-content\/uploads\/2025\/05\/f-4-150x155.png 150w\" sizes=\"(max-width: 320px) 100vw, 320px\" \/><\/figure><div class=\"elementor-image-box-content\"><h3 class=\"elementor-image-box-title\">Apice redondeado<\/h3><p class=\"elementor-image-box-description\">Reducci\u00f3n del estr\u00e9s \u00f3seo, lo que permite una inserci\u00f3n mas suave.\n<\/p><\/div><\/div>\t\t\t\t<\/div>\n\t\t\t\t<\/div>\n\t\t\t\t<div class=\"elementor-element elementor-element-d8dc83d elementor-position-top elementor-widget elementor-widget-image-box\" data-id=\"d8dc83d\" data-element_type=\"widget\" data-widget_type=\"image-box.default\">\n\t\t\t\t<div class=\"elementor-widget-container\">\n\t\t\t\t\t<div class=\"elementor-image-box-wrapper\"><figure class=\"elementor-image-box-img\"><img loading=\"lazy\" decoding=\"async\" width=\"320\" height=\"320\" src=\"https:\/\/sona.uy\/wp-content\/uploads\/2025\/05\/f-5.png\" class=\"attachment-full size-full wp-image-21450\" alt=\"\" srcset=\"https:\/\/sona.uy\/wp-content\/uploads\/2025\/05\/f-5.png 320w, https:\/\/sona.uy\/wp-content\/uploads\/2025\/05\/f-5-300x300.png 300w, https:\/\/sona.uy\/wp-content\/uploads\/2025\/05\/f-5-150x150.png 150w\" sizes=\"(max-width: 320px) 100vw, 320px\" \/><\/figure><div class=\"elementor-image-box-content\"><h3 class=\"elementor-image-box-title\">Dise\u00f1o c\u00f3nico<\/h3><p class=\"elementor-image-box-description\">El dise\u00f1o c\u00f3nico otorga una alta estabilidad primaria debido a la distribuci\u00f3n uniforme de cargas.\n\n<\/p><\/div><\/div>\t\t\t\t<\/div>\n\t\t\t\t<\/div>\n\t\t\t\t<div class=\"elementor-element elementor-element-3ce77c2 elementor-position-top elementor-widget elementor-widget-image-box\" data-id=\"3ce77c2\" data-element_type=\"widget\" data-widget_type=\"image-box.default\">\n\t\t\t\t<div class=\"elementor-widget-container\">\n\t\t\t\t\t<div class=\"elementor-image-box-wrapper\"><figure class=\"elementor-image-box-img\"><img loading=\"lazy\" decoding=\"async\" width=\"320\" height=\"320\" src=\"https:\/\/sona.uy\/wp-content\/uploads\/2025\/05\/f-6.png\" class=\"attachment-full size-full wp-image-21451\" alt=\"\" srcset=\"https:\/\/sona.uy\/wp-content\/uploads\/2025\/05\/f-6.png 320w, https:\/\/sona.uy\/wp-content\/uploads\/2025\/05\/f-6-300x300.png 300w, https:\/\/sona.uy\/wp-content\/uploads\/2025\/05\/f-6-150x150.png 150w\" sizes=\"(max-width: 320px) 100vw, 320px\" \/><\/figure><div class=\"elementor-image-box-content\"><h3 class=\"elementor-image-box-title\">Rosca de doble hilo<\/h3><p class=\"elementor-image-box-description\">El dise\u00f1o de doble hilo reducir\u00e1 el tiempo de inserci\u00f3n. Ideal para huesos tipo III y IV.\n\n\n\n<\/p><\/div><\/div>\t\t\t\t<\/div>\n\t\t\t\t<\/div>\n\t\t\t\t\t<\/div>\n\t\t\t\t<\/div>\n\t\t\t\t<\/div>\n\t\t","protected":false},"excerpt":{"rendered":"<p>Advance HI &#8211; Hex\u00e1gono interno El sistema de implantes Advance\u00ae es una soluci\u00f3n vanguardista al alcance del odont\u00f3logo de hoy.<\/p>\n","protected":false},"author":1,"featured_media":0,"parent":0,"menu_order":0,"comment_status":"closed","ping_status":"closed","template":"","meta":{"om_disable_all_campaigns":false,"_monsterinsights_skip_tracking":false,"_monsterinsights_sitenote_active":false,"_monsterinsights_sitenote_note":"","_monsterinsights_sitenote_category":0,"footnotes":""},"class_list":["post-21441","page","type-page","status-publish","hentry"],"aioseo_notices":[],"_links":{"self":[{"href":"https:\/\/sona.uy\/index.php\/wp-json\/wp\/v2\/pages\/21441","targetHints":{"allow":["GET"]}}],"collection":[{"href":"https:\/\/sona.uy\/index.php\/wp-json\/wp\/v2\/pages"}],"about":[{"href":"https:\/\/sona.uy\/index.php\/wp-json\/wp\/v2\/types\/page"}],"author":[{"embeddable":true,"href":"https:\/\/sona.uy\/index.php\/wp-json\/wp\/v2\/users\/1"}],"replies":[{"embeddable":true,"href":"https:\/\/sona.uy\/index.php\/wp-json\/wp\/v2\/comments?post=21441"}],"version-history":[{"count":8,"href":"https:\/\/sona.uy\/index.php\/wp-json\/wp\/v2\/pages\/21441\/revisions"}],"predecessor-version":[{"id":21455,"href":"https:\/\/sona.uy\/index.php\/wp-json\/wp\/v2\/pages\/21441\/revisions\/21455"}],"wp:attachment":[{"href":"https:\/\/sona.uy\/index.php\/wp-json\/wp\/v2\/media?parent=21441"}],"curies":[{"name":"wp","href":"https:\/\/api.w.org\/{rel}","templated":true}]}}